pose 2*u = n - 0 + 4, -4*n = 16. Suppose -5*h - 2*a = -284, u = 7*h - 2*h - a - 278. What is the tens digit of h?
5
Suppose b - 11 + 3 = 0. Let x = 4 + b. Suppose -x = -3*a, -2*a = 4*i - 3*i - 23. What is the units digit of i?
5
Let q be 292/5 + (-14)/35. What is the tens digit of (9 - 13) + q/1?
5
Let n(j) = j + 1. Let l(b) = 2*b + 27. Let u(d) = l(d) - n(d). What is the units digit of u(15)?
1
Suppose 2*p + 10 = 12. Let z(r) = 169*r**3 - r + 2. What is the hundreds digit of z(p)?
1
Let i(m) = 39*m - 9. What is the tens digit of i(16)?
1
Suppose 4*j + 2*f = 5*j - 8, 5*f = -4*j - 7. Let q be 116/(-16) + j/8. Let l(m) = m**2 + 6*m - 1. What is the units digit of l(q)?
6
Let z be 10/6*3 - -2175. What is the hundreds digit of z/12 + (-12)/(-9)?
1
What is the units digit of -2 + 1 + -4 + 179?
4
Let k = -222 + 1517. What is the units digit of k?
5
Let b(u) = -u**2 + 6*u - 6. Let g be b(4). Suppose -2*t = -t + 3*l - 50, -2*l = -g*t + 60. What is the units digit of t?
5
Suppose 0 = -41*y + 44*y - 10506. What is the thousands digit of y?
3
Let a = 42 - 40. Suppose -2*t = -0*y + 4*y - 84, a*y = 2*t - 114. What is the tens digit of t?
5
Let n be (-24)/8*(-20)/3. Suppose 6*t - 11*t = -n. Suppose -4*c + b + 219 = 0, 0 = -3*c - t*b - b + 193. What is the units digit of c?
6
Let d be 6/(-9)*3 + 6. Suppose d*r - 12 = -5*h, 3*h + h - 4*r = 24. Suppose h*z - 101 = 3*b, -3*z + 32 + 28 = 3*b. What is the tens digit of z?
2
Suppose -2*s - 9 = -3*h, 0*s + 27 = -5*s + 3*h. Let q be (-56)/s*30/20. Suppose 3*a = -3*f + f + 23, -2*a + q = f. What is the units digit of f?
4
Let t = -164 + 270. Suppose 3*d - t = 149. What is the units digit of d?
5
Let k be 4/14 + 133/49. Suppose -8 = k*g + g. What is the units digit of 1*g/2*-9?
9
Let r(a) = a**3 + 7*a**2 - 4*a - 10. Let q(u) = 5*u + 1. Let n be q(-1). Let t be -1*n/(-2) + -3. What is the tens digit of r(t)?
6
Let t(i) = -6*i + 13. Let s(b) = 5*b - 14. Let z(k) = 3*s(k) + 2*t(k). What is the units digit of z(15)?
9
Suppose 0*i - 42 = -7*i. Suppose 0 = 4*b - 4, -i*s + 4*s + 119 = b. What is the tens digit of s?
5
Let r(b) = 237*b + 514. What is the thousands digit of r(4)?
1
Suppose 2*n = v + 5, -2*n + 3*v = -5*n + 12. What is the tens digit of n/2*(-3)/((-36)/704)?
8
Let m be 1/((-1)/(-5)) - 2. Suppose 10 = m*d + 4. Suppose 3*a + u - 115 = 7, 146 = 4*a - d*u. What is the units digit of a?
9
Let b(y) be the first derivative of y**2/2 - y + 7. Let c be b(7). What is the tens digit of (1 - 4)/(c/(-64))?
3
Suppose -5*g - 40 = 4*d, -4 = -3*g - 5*d - 41. Let r(x) = -5*x + 10. What is the tens digit of r(g)?
3
Let m(g) = 5*g**3 - 4*g**2 - g + 2. Suppose 3*r - 2*t - 6 = t, -16 = -5*r - t. What is the tens digit of m(r)?
9
What is the tens digit of (5352 - 22)*(-12)/(-20)?
9
Let y(a) = -13*a - 3. Let c be y(-5). Let b = 7 + c. Suppose -z - 2*z + b = 0. What is the units digit of z?
3
Let a(v) be the first derivative of v**4/12 + v**3/3 - v**2/2 + 12*v - 10. Let u(c) be the first derivative of a(c). What is the tens digit of u(5)?
3
Let u(h) be the third derivative of 11*h**4/24 + h**3/6 + h**2. Let m(q) = -q - 17. Let x be m(-19). What is the tens digit of u(x)?
2
Suppose -4*g - 4*k + 3*k + 12 = 0, 3*g = 4*k + 9. Let f be 3 + 4/(-2) - -34. Suppose f = g*j + 5. What is the units digit of j?
0
Suppose -635*g + 637*g = 1584. What is the tens digit of g?
9
Suppose 0 = -t - 0*t + v + 8, -3*t + 26 = -4*v. Let p(s) = 39*s - 56. What is the tens digit of p(t)?
7
Let b = -1745 + 2855. What is the tens digit of b?
1
Suppose 0 = -223*i + 229*i - 14808. What is the units digit of i?
8
Suppose -3*y + 4*c + 13 = -0*c, 4*y + 3*c - 9 = 0. Suppose 4*x - 164 = -y*j + 5*x, 3*j - 5*x - 160 = 0. What is the tens digit of j?
5
Let d be (-6)/9*(-1 + -2). Suppose -3*q - 3 = 0, -d*o = o + 3*q. What is the units digit of 1 + (9 - (0 + o))?
9
Let r = -8 - -11. Let m(i) = 3*i**2 - 5*i + 2. Let z be m(r). What is the tens digit of (-170)/(-14) + (-2)/z?
1
Let h be ((-2)/6 + 1)*3. Let f(v) = v. Let l(y) = -8*y**2 + 5*y - 3. Let c(d) = 2*f(d) - l(d). What is the tens digit of c(h)?
2
Suppose 5*w = 4*v - 44, 2*v + 0*w = -3*w. Let n = 6 - 3. Suppose -b - 12 = -n*m, 0 = -5*b - 2*m + v*m - 5. What is the units digit of b?
3
Let a = -21 - -125. What is the tens digit of a/2 - 5/(25/(-10))?
5
Let w(j) = 12*j**3 - 8*j**2 - 3*j - 7. What is the units digit of w(4)?
1
Suppose 2*f - 4 = -0. Suppose f*d - 106 = 3*x - 0*d, -5*x - d - 155 = 0. Let g = 45 + x. What is the tens digit of g?
1
Suppose -5*a + 4186 = -z, 2534 = 2*a + a + 5*z. What is the units digit of a?
8
Let f = -20 - -22. Suppose g - 46 = -o + 3*o, 0 = f*g - 5*o - 93. What is the tens digit of g?
4
Suppose -9*i + 3705 + 4080 = 0. What is the hundreds digit of i?
8
Let c(j) = 2*j**2 - j - 9. Let y be c(3). Let q = 45 + y. What is the units digit of q?
1
Let r(c) = 8*c**2 + 3*c + 1. Let y be r(-1). Let v(o) = 2*o**3 - 9*o**2 + 5. What is the hundreds digit of v(y)?
1
Suppose -4*m - 155 = -4047. What is the units digit of m?
3
Suppose d - 5*z + 7*z = 661, 5*z + 1313 = 2*d. What is the tens digit of d?
5
Let b(d) be the first derivative of 10*d**3/3 + d**2/2 - 5*d - 37. What is the hundreds digit of b(4)?
1
Suppose 8*i - 3376 = 1768. What is the tens digit of i?
4
Let j(x) = -3*x + 5. Let c be j(-3). What is the tens digit of (1 - 3) + 2828/c?
0
Let m be 8/((-64)/(-220))*4/5. Let u = 0 - -2. Suppose 2*y = m - u. What is the tens digit of y?
1
Let r(l) be the first derivative of l**4/4 + 7*l**3/3 + 3*l**2 + 7*l - 3. What is the units digit of r(-6)?
7
Suppose -13*b = -17*b - 48. What is the units digit of b/5*(-275)/22?
0
Suppose 4*u - h + 3 - 1 = 0, 2*u - h + 2 = 0. Suppose 7*s - 14 + 0 = u. Suppose -2*w + 113 = 2*i + i, -s*i + 2*w + 72 = 0. What is the tens digit of i?
3
Let c be ((-14)/(-4))/((-4)/(-8)). Suppose -c = -5*m + 13. Suppose -70 + 26 = -m*n. What is the units digit of n?
1
Let t = -5 + 12. Suppose -4*b = -c + b + 17, 5*b = -4*c - t. Suppose 0*n - 81 = -c*n + 3*o, 167 = 4*n - 5*o. What is the units digit of n?
8
Let r = 14947 - 10140. What is the units digit of r?
7
What is the hundreds digit of (-9 + 3971/(-11))*-4?
4
Let y(v) = 41*v + 476. What is the hundreds digit of y(13)?
0
Suppose 3020*t = 3007*t + 65741. What is the units digit of t?
7
Let y be ((-66)/5)/(-3) - (-4)/(-10). Suppose y*c = -5*x + 2*c + 358, -4*x + 272 = -2*c. What is the tens digit of x?
7
Let t = -105 - -471. What is the tens digit of t?
6
Suppose 0 = 2*i - 495 - 243. Suppose -i + 127 = -2*n. Suppose 4*r + 2*f = n - 19, -5*r = 2*f - 130. What is the units digit of r?
8
Suppose 8*l - 7*l = 5. Suppose 0 = -l*w + 302 + 53. What is the tens digit of w?
7
Let b(l) = 21*l**3 - 2*l**2 + 33*l - 128. What is the units digit of b(5)?
2
Suppose -5*w + 92 = 5*h + 17, -2*w + 3*h = -20. Let s = 16 - w. Suppose 0 = -s*d + 6*d - 123. What is the units digit of d?
1
Let t = -17 - -45. Suppose -2*i = -3*i + t. What is the tens digit of i?
2
Suppose d - 4 + 7 = 0. Suppose 4*v - 6*p + 36 = -p, 4*v = 3*p - 28. What is the units digit of -2 + (28 - (v - d))?
7
Suppose -4*i + 8 = -2*n, 8 = 4*i - 0. Suppose -3*y - 4*l + 512 = n, -2*l - 2*l = -y + 176. What is the hundreds digit of y?
1
What is the hundreds digit of 11024/(-6)*24/(-16)?
7
Let j(t) be the third derivative of -17*t**4/6 + 13*t**3/6 - 24*t**2. What is the tens digit of j(-2)?
4
Suppose -17*k + 31*k = 7952. What is the hundreds digit of k?
5
Let p = -15 + 19. Suppose a - 3*j - 2 = -j, 5*a = p*j + 10. Suppose -a*b = -b - 60. What is the units digit of b?
0
Let c(r) = 3*r**2 - 20*r + 25. What is the hundreds digit of c(-11)?
6
Suppose 5*j = -25, -q + 16 = -5*j - 7. Let o be 0 - (4 + q)*-2. Suppose -3 = o*g - 5*g. What is the units digit of g?
3
Let d(t) be the third derivative of 0*t + 1/120*t**6 - t**2 + t**3 + 0 - 1/60*t**5 - 1/24*t**4. What is the units digit of d(3)?
1
Let p(l) = -2*l + 4. Let i be p(3). Let n(m) = 3*m**2 + 5*m + 5. Let y(s) = s**2 - s - 1. Let a(u) = n(u) + 3*y(u). What is the units digit of a(i)?
2
Suppose 3 = -3*i, 4*i = 2*b - 7*b + 4911. What is the units digit of b?
3
Suppose 26 + 24 = -5*y. Let s = 42 + y. What is the units digit of s?
2
What is the units digit of 228 - (28/(-10) + (-16)/(-20))?
0
Let s(i) = 2*i**3 + 7*i**2 - 6*i - 6. Let r be s(-4). Suppose